 multiple of 3018?
True
Is 51 a factor of 30235197?
True
Is 31 a factor of 43982395?
False
Is 4106519 a multiple of 37?
True
Is 5 a factor of 23549800?
True
Is 957048713 a multiple of 1927?
False
Is 2769673 a multiple of 463?
False
Is 29 a factor of 79568465?
False
Is 25 a factor of 556619627?
False
Does 1326 divide 132752105?
False
Is 16 a factor of 1755200240?
True
Is 83565105 a multiple of 15?
True
Does 7018 divide 1118844650?
True
Does 5835 divide 481830960?
True
Does 1348 divide 39520664?
True
Is 10 a factor of 419081678?
False
Is 83945796 a multiple of 51?
True
Is 951168358 a multiple of 2672?
False
Is 25 a factor of 252810725?
True
Is 11 a factor of 71421955?
True
Is 216 a factor of 2211192?
True
Is 98367060 a multiple of 1545?
True
Is 27 a factor of 393743270?
False
Is 100664192 a multiple of 62?
True
Is 320023390 a multiple of 4?
False
Is 4000 a factor of 1140804000?
True
Is 907 a factor of 600126527?
True
Does 176 divide 31523704?
False
Is 1861 a factor of 180229202?
False
Is 13 a factor of 662576?
False
Is 158525136 a multiple of 18?
True
Is 125361584 a multiple of 16?
True
Is 128518348 a multiple of 51?
False
Does 39 divide 4503192483?
False
Is 146 a factor of 26606015?
False
Is 9 a factor of 15025589?
False
Is 123310231 a multiple of 491?
True
Does 12 divide 306663266?
False
Is 619 a factor of 2098305389?
True
Is 11 a factor of 313564595?
False
Does 11 divide 23622742?
True
Is 16082211 a multiple of 162?
False
Is 350 a factor of 148640175?
False
Does 2 divide 24756797?
False
Is 8312620076 a multiple of 284?
True
Does 22 divide 206995260?
False
Does 14 divide 18358306?
False
Is 2895953820 a multiple of 4460?
True
Is 18619404 a multiple of 12?
True
Is 10 a factor of 127999450?
True
Is 1087544700 a multiple of 3663?
True
Does 385 divide 299870725?
True
Does 5 divide 14990835?
True
Does 18 divide 155565239?
False
Is 49908224 a multiple of 512?
True
Is 220464978 a multiple of 88?
False
Is 112858875 a multiple of 110?
False
Does 3890 divide 89019052?
False
Is 334789893 a multiple of 13?
False
Does 4 divide 610289792?
True
Is 10 a factor of 2064034910?
True
Is 219 a factor of 3380481?
False
Does 72 divide 103150008?
True
Is 208491740 a multiple of 30?
False
Does 16 divide 1554685359?
False
Is 195198808 a multiple of 56?
True
Is 535 a factor of 21074125?
False
Is 177 a factor of 5391460360?
False
Is 4552 a factor of 231237584?
False
Is 5 a factor of 433042320?
True
Is 170 a factor of 776039088?
False
Does 4346 divide 93147818?
True
Is 60322900 a multiple of 50?
True
Is 221 a factor of 306342350?
False
Is 11721973 a multiple of 36?
False
Is 7 a factor of 8981548?
False
Is 1345187921 a multiple of 343?
False
Is 142 a factor of 2901988964?
True
Is 287 a factor of 923668504?
False
Is 95 a factor of 36393550?
True
Is 39930213 a multiple of 141?
True
Is 3033 a factor of 68393781?
False
Is 1370 a factor of 141188090?
True
Is 12 a factor of 920495832?
True
Is 180 a factor of 43568442?
False
Is 30 a factor of 784994340?
True
Does 14 divide 328215874?
True
Is 1344 a factor of 1423177333?
False
Is 920026 a multiple of 105?
False
Does 1347 divide 50679075?
False
Is 29 a factor of 16478351?
True
Is 3860305702 a multiple of 3298?
True
Is 1522 a factor of 164760174?
False
Does 1435 divide 31349010?
True
Does 17 divide 66610437?
True
Does 564 divide 1842024?
True
Is 123606298 a multiple of 118?
True
Does 5 divide 376635990?
True
Does 359 divide 321413777?
True
Is 23571426 a multiple of 41?
False
Is 93 a factor of 560670062?
False
Does 23 divide 309958925?
True
Does 306 divide 24601829?
False
Is 9 a factor of 17839315?
False
Does 53 divide 49077152?
True
Is 36949800 a multiple of 100?
True
Does 18 divide 667346085?
False
Is 81 a factor of 395475534?
True
Is 860448129 a multiple of 591?
True
Is 4841 a factor of 313396658?
True
Does 1373 divide 391955802?
True
Does 326 divide 1636635821?
False
Is 361 a factor of 152688560?
True
Does 3219 divide 60964641?
True
Is 90888107 a multiple of 35?
False
Does 96 divide 12363936?
True
Is 223 a factor of 329263541?
False
Does 502 divide 15270562?
False
Does 306 divide 16245818?
False
Does 7 divide 13698929?
False
Is 77887500 a multiple of 150?
True
Is 141 a factor of 42537838?
False
Does 1070 divide 30061624?
False
Does 2718 divide 639870289?
False
Does 49 divide 10368057?
True
Is 22 a factor of 676604348?
False
Does 331 divide 34566795?
False
Is 747 a factor of 93437748?
True
Is 999 a factor of 81280595?
False
Does 981 divide 24831072?
True
Is 53562501 a multiple of 3?
True
Does 100 divide 1412990600?
True
Is 2639077120 a multiple of 320?
True
Does 19 divide 7846714?
False
Does 214 divide 8098616?
True
Is 26 a factor of 28768116?
True
Is 1585744725 a multiple of 15?
True
Does 4 divide 197660500?
True
Is 441 a factor of 6155284?
False
Does 820 divide 669019140?
True
Is 5550 a factor of 2308940334?
False
Is 4829346 a multiple of 199?
False
Does 9 divide 17063088?
False
Is 243673355 a multiple of 4?
False
Does 18 divide 39239275?
False
Is 1298 a factor of 352855878?
False
Does 65 divide 303690909?
False
Is 3183450501 a multiple of 781?
True
Is 80884496 a multiple of 54?
False
Is 329 a factor of 456576001?
True
Does 65 divide 5593510?
True
Does 638 divide 539258016?
True
Is 82740503 a multiple of 214?
False
Does 18 divide 2791733?
False
Does 444 divide 102273180?
True
Does 42 divide 18830280?
True
Is 40326022 a multiple of 154?
False
Does 12 divide 30775296?
True
Is 6132 a factor of 544160277?
False
Is 89 a factor of 28645451?
True
Is 21651257 a multiple of 23?
True
Is 10 a factor of 16067118?
False
Is 32 a factor of 12167039?
False
Is 8 a factor of 42275576?
True
Is 714 a factor of 738672?
False
Does 30 divide 1479079276?
False
Does 52 divide 73062038?
False
Does 10129 divide 860326873?
True
Is 11 a factor of 196470340?
True
Is 659583641 a multiple of 3237?
False
Does 36 divide 77419427?
False
Is 3986 a factor of 577061192?
True
Is 7163 a factor of 1367123017?
True
Does 356 divide 182157813?
False
Is 7 a factor of 23939648?
False
Is 1046262799 a multiple of 770?
False
Is 68502913 a multiple of 131?
True
Is 97 a factor of 60345640?
True
Does 2528 divide 3518976?
True
Is 1444269654 a multiple of 9?
True
Does 3848 divide 260378768?
True
Is 861358367 a multiple of 249?
False
Does 236 divide 178049256?
True
Is 1658 a factor of 97341180?
True
Is 30093086 a multiple of 194?
True
Does 660 divide 42849109?
False
Is 59632808 a multiple of 13?
False
Does 235 divide 146864190?
True
Is 2493967239 a multiple of 9531?
True
Does 17 divide 28635206?
False
Does 30 divide 831215282?
False
Is 114091055 a multiple of 169?
True
Is 589847032 a multiple of 4?
True
Is 116061664 a multiple of 97?
True
Does 551 divide 27849078?
False
Is 9 a factor of 12152768?
False
Is 104 a factor of 76788504?
True
Is 16 a factor of 9744688?
True
Is 1411 a factor of 7649031?
True
Does 740 divide 4519293?
False
Is 1260 a factor of 42525526?
False
Does 149 divide 8838942727?
False
Is 81669330 a multiple of 218?
False
Is 57325212 a multiple of 1337?
True
Is 44810180 a multiple of 5?
True
Is 656219 a multiple of 6?
False
Is 307177817 a multiple of 149?
False
Is 4287378037 a multiple of 8283?
False
Does 4 divide 4781380?
True
Does 167 divide 49815766?
True
Is 307917505 a multiple of 35?
True
Is 14964335 a multiple of 5?
True
Is 86 a factor of 68629118?
True
Is 422847188 a multiple of 14?
False
Is 54695008 a multiple of 664?
True
Is 278529440 a multiple of 431?
True
Does 57 divide 9222343?
False
Is 8 a factor of 19546136?
True
Is 24 a factor of 9983399?
False
Is 909 a factor of 7861032?
True
Is 40233847 a multiple of 198?
False
Is 19259448 a multiple of 2742?
False
Is 10 a factor of 200690259?
False
Does 7 divide 293904377?
False
Is 6560015231 a multiple of 11?
True
Is 955 a factor of 1673121800?
True
Does 113 divide 27973150?
True
Is 4677641 a multiple of 3?
False
Does 586 divide 557778240?
True
Is 20615746 a multiple of 656?
False
Is 12364537 a multiple of 2159?
False
Is 4 a factor of 18175546?
False
Is 114606375 a multiple of 75?
True
Is 142 a factor of 276637620?
False
Is 9092244 a multiple of 282?
True
Is 99032080 a multiple of 560?
True
Is 2 a factor of 6500080?
True
Is 399 a factor of 103205739?
True
Is 21936723 a multiple of 3?
True
Does 273 divide 3324441